26, -5*l + 305 = w. What is the tens digit of w?
1
Suppose 2*o - 2 = 2*m + 2*m, -o + 1 = 0. Let d be -125*1*6/(-15). Suppose 0*z - 2*z + d = m. What is the tens digit of z?
2
Suppose -3*i + 4*i = -45. Let o = -12 - i. Let h = 10 + o. What is the units digit of h?
3
Suppose 0 = -4*l + 268 + 456. What is the units digit of l?
1
Let c = -11 - -11. Suppose -2*z + 4*z + 2 = -2*x, c = x - 4*z - 24. Let w = 17 - x. What is the units digit of w?
3
Suppose 5*g + 5*q - 1798 = 502, -5*q = -4*g + 1858. What is the tens digit of g?
6
What is the units digit of (-64864)/(-160) + (3/5 - 1)?
5
Let s = -1526 + 2321. What is the tens digit of s?
9
Let p = -316 + 411. What is the units digit of p?
5
What is the thousands digit of (24/18 - 1)*12750?
4
Let v(i) = 4*i**2 + 84*i - 113. What is the units digit of v(-41)?
7
Suppose -4*c + 2*o - 5 = 21, -2*c - 3*o = 1. Let l(g) = -2*g**2 - 8*g + 15. What is the units digit of l(c)?
5
Suppose 2*p - 914 + 360 = 0. What is the tens digit of p?
7
Suppose 4*a = -z - 3, 5*a = -0*z + 2*z - 20. What is the tens digit of (-2 - (-57 + a)) + 0 + -1?
5
Let v(n) = -2*n + 7*n**2 + 0*n**2 - 12*n + 15*n + n**3. Let d be v(-7). Let p(b) = b**3 + 6*b**2 - 7*b + 10. What is the tens digit of p(d)?
1
Let s = 13 - 5. Suppose -9*w + s*w = 0. Suppose w = -5*a - 24 + 174. What is the tens digit of a?
3
Suppose -4*d + 16 = 0, 3*g - d + 14 = d. What is the tens digit of (-1 - (-3710)/34) + g/17?
0
Let p be (-48)/(-28) + (-2)/(-7). Suppose 0 = -p*f - m - 0*m + 269, -5*f + 4*m = -679. Suppose -2*q - f = -7*q. What is the units digit of q?
7
Suppose 27 = 4*p - 5. Let n be 42*-3*4/p. What is the units digit of (1 - n)*3/6?
2
Suppose 62*l - 71*l + 15561 = 0. What is the thousands digit of l?
1
Let y(i) = 127*i**2 - 21*i - 21. What is the thousands digit of y(6)?
4
Let i = 5 + 0. Suppose i*s = 5*l - 845, 0 = -3*l - s - s + 522. Suppose -562 = -6*o - l. What is the tens digit of o?
6
Let r(b) = 10*b**3 + 3*b**2 + 14*b - 17. What is the units digit of r(5)?
8
Let j(m) = 15*m**2 - 2*m - 1. Let d be j(-1). Suppose 17*s + 144 = -43. Let n = d + s. What is the units digit of n?
5
Let f be (1 - -1)*1 - -222. Let g = 346 - f. What is the tens digit of g?
2
Let s(k) = -19*k - 289. What is the tens digit of s(-34)?
5
Let v(g) = 2*g**2. Let s be (-1 + 6)/(1/4). Suppose -5*k + 0*k - s = 0. What is the tens digit of v(k)?
3
Let s = -43 - -43. Suppose -21 - 4 = -5*t. Suppose t*q - 315 = -s*q. What is the tens digit of q?
6
Suppose -13 = -2*s + 23. Suppose 84 + s = 3*q. Suppose -20 = -3*g + q. What is the units digit of g?
8
Suppose 3*k - 718 = v, 0 = -4*k - 5*v + 7*v + 958. What is the hundreds digit of k?
2
Let m = 20 - 25. Let b(x) = 5*x + 9. Let d be b(m). What is the units digit of 45 + d + (1 - 1)?
9
Suppose -2*f = -5*f - 51. Let t = -2 - f. What is the tens digit of t/60 + 590/8?
7
Suppose -17*g = -19*g + 2*x + 548, 0 = -5*g + 4*x + 1371. What is the units digit of g?
5
Suppose 2*v - 5*q = 277, -6*v + 5*v - 5*q = -116. Suppose -3*t - 2*b + v = 0, 9*b = 6*b - 15. What is the units digit of t?
7
Let l be (-10)/3*21/14. Let o = 49 + l. What is the units digit of o?
4
Suppose 0 = -2*w + 5*z + 3800 - 594, -4*z = 0. What is the tens digit of w?
0
Let h(n) = -2*n**2 + 6*n. Let l be h(5). Let u be -2 + (1 + 1 - 1). What is the tens digit of l/(2*u/2)?
2
Let j = -6 + 10. Suppose -j = 2*y - 34. Let q = y - 2. What is the units digit of q?
3
Let i = -17 - -21. Suppose -3*y - i*o = -260, -7*o + 2*o = -5*y + 445. What is the tens digit of y?
8
What is the units digit of (-2 - -25)*(-2 + 39)?
1
Let b be -61*(-4 - -3) - -4. Let x = -34 + b. What is the units digit of x?
1
Suppose -3*g = 5*g - 2496. What is the tens digit of g?
1
Suppose -29 = -7*z - 1. Suppose i + 2*c = 26, -z*i - 2*c + 48 = -50. What is the units digit of i?
4
Let y(n) = -16*n + 19. Let m be (5 - 288/21) + (-4)/14. What is the tens digit of y(m)?
6
Suppose 2*u - 120 = -u. What is the units digit of 15/(44/u + 4/10)?
0
Let s = -10 + 38. Let r = -58 + s. What is the units digit of r/(-15)*33/2?
3
Suppose 2*w - 15 = -5. Suppose 5 = w*k + 5*h, 0 = -k + 4*k - h - 11. Suppose 2*q - 2*g - 24 = 0, q = -k*q - g + 68. What is the units digit of q?
6
Let v be (-8)/(-6) - (-2)/3. Let z(b) = 2*b**3 - v + 7*b**2 - 5*b**3 - b + 2*b**3. What is the tens digit of z(5)?
4
Suppose d + 20 = -5*v - 4*d, -22 = -2*v + 4*d. Let k(s) = 0 - 13*s + 0*s - v. What is the units digit of k(-1)?
2
Suppose 0 = -5*g - 5, -2*a - 5*g = a - 4. What is the hundreds digit of (4550/3)/7 - (-1)/a?
2
Let y = -1079 - -1061. Let a(i) = 2*i + 10 - i + 14. What is the units digit of a(y)?
6
Suppose -9*q + 5*q + 112 = 0. Suppose 0 = -5*a + 4*f - 48, 2*a - 3*f - 6 = -q. Let h = a - -10. What is the units digit of h?
2
Suppose 0*l = 3*l - 81. What is the units digit of -2*(l/(-12))/((-6)/(-100))?
5
Let a = 7724 - 4515. What is the units digit of a?
9
Let z(i) = 16*i**2 - 108*i + 662. What is the hundreds digit of z(6)?
5
Let r(a) be the third derivative of 3/8*a**4 + 0*a - 4*a**2 + 0 - 13/6*a**3. What is the tens digit of r(5)?
3
Let w = -9 - -12. Let q = -1 + w. Suppose q*d - 25 = -3. What is the tens digit of d?
1
Let k = 11 + -8. Let g = k - 2. Let q = g + 12. What is the tens digit of q?
1
Suppose -36 = -2*w + 2*v, 0 = -4*v + 2 + 6. Suppose 324 = w*r - 16*r. What is the tens digit of r?
8
Let t(a) = -a**3 - 3*a**2 + 2. Let j be t(-3). Suppose 14 = 3*f + j*g - 15, 3*g = 3*f - 9. What is the units digit of (f - 9) + 40/2?
8
Suppose 2*f - 4*l = l + 709, -2*f + l + 721 = 0. What is the tens digit of f?
6
Let v(p) = -21*p - 22. Let k be v(6). What is the units digit of (5 - 4) + (-3)/(3/k)?
9
Let r = -3387 + 6071. What is the units digit of r?
4
Suppose -12*c + 49 = -23. Suppose -c*u - 175 = -7*u. What is the units digit of u?
5
Suppose 4*v + c = 58, v + 12 = 5*c + 37. Let g be (-2)/(-4) - v/(-6). Suppose 8 = g*w - 19. What is the units digit of w?
9
Suppose p - 426 = -2*d, -2*p - 4*d = -d - 854. What is the hundreds digit of p?
4
Let q = -182 - -395. What is the hundreds digit of q?
2
Let x(k) = 2*k + 14. Let f be x(0). Let i(d) = 13*d - 61. What is the hundreds digit of i(f)?
1
Let l(g) = -5*g + 29. Let y(z) = 14*z - 86. Let x(s) = -11*l(s) - 4*y(s). What is the tens digit of x(-8)?
3
Let d = 898 - 419. What is the tens digit of d?
7
Suppose -2407*p + 2411*p - 5700 = 0. What is the thousands digit of p?
1
Suppose 10*t - 3938 = 2332. What is the hundreds digit of t?
6
Let i be -2*(-3 - -2) + 2. Let v be i/14 - 103/(-7). Let z = 18 - v. What is the units digit of z?
3
Let z be ((-4)/(-4) - 0) + -4. What is the units digit of -1*2/6*z?
1
Let d(g) be the second derivative of -g**5/20 - 7*g**4/12 - g**3/2 - g**2 - 2*g. Let f(v) = -v**2 + 3*v + 21. Let l be f(7). What is the units digit of d(l)?
9
Suppose -2*r - 3*r - 25 = 0, 4*a + 398 = -2*r. What is the units digit of (-2)/8 + a/(-4)?
4
Suppose 4*d - 6*s + 4*s = 16780, 2*s = d - 4201. What is the thousands digit of d?
4
Suppose -5*o + 1215 = 5*x, x = -8*o + 10*o - 498. What is the tens digit of o?
4
Let c = 1094 + 2054. What is the thousands digit of c?
3
Suppose -53100 = -35*t + 15*t. What is the thousands digit of t?
2
Let u(p) = p**3 - 5*p**2 + 5*p - 20. Let l be u(5). What is the tens digit of 5 - (l - -3) - (-61 - 1)?
5
Suppose 4*w - 5608 = -x - 2193, -3*x - 4*w + 10245 = 0. What is the hundreds digit of x?
4
Suppose -3*l - 1236 = -h, 4*h - l + 588 = 5521. What is the hundreds digit of h?
2
Suppose v = -92 + 246. Suppose 0 = t - 192 - v. What is the tens digit of (-2)/(-6) - t/(-6)?
5
Suppose 0 = 5*k + a - 6248, 5*a - 1406 + 142 = -k. What is the tens digit of k?
4
What is the tens digit of (-2)/(-11) - 1007584/(-814)?
3
Suppose 30*w = 74494 + 88556. What is the tens digit of w?
3
Let l be ((-3 + -68)/(-1))/1. Let j = l - 38. Suppose j = -3*f + 6*f. What is the units digit of f?
1
Suppose 32 = c + 3*f + 184, 5*f = -5*c - 740. Let r = c + 368. What is the hundreds digit of r?
2
Let m(i) = 15*i**3 - 2*i**2 + 2*i + 1. Let q be m(2). Let n = q + -210. Let u = 164 + n. What is the units digit of u?
1
Let j be -1 - (70 - 0)*32/(-10). Let y = j + -142. What is the units digit of y?
1
Suppose 9*g = 4*g + 5. What is the units digit of 2 - (g/2 + (-534)/4)?
5
Suppose -8*c + 153 = -5*c. Suppose -b - 4 = 2*q